 (0 + -1 - -2)/((-2)/i). Suppose 8*j = 6*j + r. What is the greatest common factor of 1 and j?
1
Let j be 273/(((-33)/11)/(-1 - 1)). Suppose 2*v - 226 - j = 0. Calculate the highest common factor of 24 and v.
12
Suppose 93 = -2*n + 33. Let p be (-130)/n - 2/6. Let c = 325 - 319. What is the greatest common factor of c and p?
2
Let o = -248 + -361. Let v = -287 - o. What is the greatest common divisor of 42 and v?
14
Let x be (-12192)/56*462/(-44). What is the highest common factor of 3 and x?
3
Let u(w) = 5*w - 23. Let y be u(-3). Let k = 402 - y. What is the greatest common factor of 40 and k?
40
Suppose 42*d + 3*u = 47*d - 21, -5*u = 4*d - 2. What is the highest common factor of 477 and d?
3
Let q = -8125 + 8230. Let s be (3/(-3))/(-1)*15. What is the greatest common factor of q and s?
15
Let d = -408 - -400. Let f = 17 + d. What is the greatest common divisor of 162 and f?
9
Let c(k) = -6*k + 3. Let f be c(-2). Let g be (3 - 12 - -11)/(2/f). Calculate the greatest common divisor of g and 20.
5
Let k(q) = -9*q**2 + 3*q - 1. Let l be k(4). Let a = l + 163. Calculate the highest common factor of 180 and a.
30
Suppose -4*j + 12963 = 5*t + 2755, -4*t - 2552 = -j. What is the greatest common factor of 29 and j?
29
Let p be -18*(800/90 + -9). Suppose -4*z + 526 = 2*k, p*z - 1002 = -4*k + 4*z. Calculate the highest common divisor of k and 22.
11
Suppose -16 + 0 = -p + 4*z, -11 = -2*p + z. Suppose p*a - 324 = 2*k, -a + 76 = -5*k + 7*k. What is the greatest common divisor of 640 and a?
80
Let v = 50 + -47. Suppose 5*s - v*a = 180, 3*s - 12 - 77 = -2*a. Calculate the greatest common factor of 44 and s.
11
Suppose 0 = -11*v + 6*v + 240 + 220. Calculate the greatest common divisor of v and 10442.
46
Let o(l) = -1290*l + 3588. Let i be o(-4). Calculate the highest common factor of 144 and i.
36
Let a be 1372/112 - 3/(-4). Let r be (-7 + a + -7)*-2. What is the greatest common divisor of 86 and r?
2
Let t(a) = a**2 + 2*a + 6. Let m be t(-3). Let y(w) = 20*w + 30. Let h be y(m). What is the greatest common factor of h and 70?
70
Let h be (6 - 2) + (1 + -1 - 4). Suppose 37*m - 38*m + 220 = h. What is the highest common divisor of m and 10?
10
Suppose 980 = -32*d + 27*d. Let z = d + 644. What is the highest common factor of z and 56?
56
Let t = 40 + -37. Suppose -3*g + 19 = -3*x + 4, -5*x - t*g = 49. Let u be x/28 + 284/14. Calculate the greatest common divisor of u and 10.
10
Let z(n) = -n**3 - 35*n**2 - 105*n + 1209. Let a be z(-33). Calculate the greatest common factor of 54 and a.
6
Let p(w) = 23*w + 8. Let x be p(-28). Let v = -626 - x. What is the greatest common factor of 16 and v?
2
Let k be 75 + 5 + -3 + -6. Calculate the greatest common factor of k and 71.
71
Let j(y) = y**2 + y - 68. Let b be j(-9). Let w(u) = -u**3 - 9*u**2 + 9*u - 8. Let d be w(-10). Calculate the greatest common factor of d and b.
2
Let k(g) = -27*g**2 + 24. Let p be k(0). Suppose 0 = 5*d + 2*n - 265, 4*n - 61 = -d + 2*n. Calculate the greatest common divisor of p and d.
3
Suppose -r + 17 = -19. Let w be (-35)/(-12) - (-20)/240. Suppose -o - 8 = -3*n, -w*n + 5*o = 2*o. What is the highest common factor of n and r?
4
Let z = 3061 + 239. Calculate the highest common divisor of z and 220.
220
Let o(p) = p**3 + 12*p**2 + 4*p + 25. Let u be o(-12). Let t(j) = j**3 + 22*j**2 - 31*j - 7. Let z be t(u). Calculate the highest common divisor of 118 and z.
59
Let m = -11 + 37. Let n be (12/5)/3 - (-216)/(-45). Let a be 69 - -8*n/(-8)*-1. What is the highest common divisor of m and a?
13
Let r(c) = -10*c**3 - 2*c**2 - 4*c - 3. Let q be r(-1). Suppose -15 + 60 = q*s. Calculate the greatest common factor of s and 35.
5
Suppose -4*h + 3*a - 35 = -54, 2*h = 5*a - 1. Let g = -5 - -5. Let k be (-77)/((g - -1) + -2). Calculate the greatest common divisor of h and k.
7
Let y = -18 - -17. Let p be 3/6*(y + 2 - -131). What is the highest common divisor of 36 and p?
6
Let i be (3 - 1 - 11)/(1/(-7)). Suppose c - 2*a = 52, -3*c + 127 = -2*a - 9. What is the greatest common factor of i and c?
21
Suppose 56*v = 45*v - 6996. Let r = v - -664. What is the greatest common divisor of r and 126?
14
Let a(c) = -610*c**3 + 6*c**2 + 13*c + 9. Let w be a(-1). What is the greatest common divisor of 68 and w?
68
Let n = -57 - -63. Let t(h) = -h**2 + h + 3. Let k be t(-7). Let c = -23 - k. Calculate the highest common divisor of c and n.
6
Suppose 0 = 2*g - 4*j - 2854, -5*g - j + 0*j = -7135. Suppose -211 = 19*d - g. What is the greatest common divisor of 16 and d?
16
Let z(p) = 8*p**2 - 48*p - 286. Let k be z(-5). What is the highest common divisor of k and 714?
14
Suppose 4*q = -2*o + 80, o - 2*o = 3*q - 58. Let i be -4*(-2 + q/8). Let r be (-73)/i + (-4)/8*-4. What is the greatest common divisor of r and 25?
25
Let v be (-13 + 4 + 8)*-15. What is the greatest common factor of v and 1275?
15
Suppose -6*u - 2*b = -4*u - 10, u + 3*b - 9 = 0. Suppose -127 - 86 = -5*d - 4*z, -u*d + 2*z = -141. What is the highest common divisor of d and 5?
5
Let d(h) = 4*h**3 + h**2 - 3*h + 3. Let k be d(1). Suppose -k*r = -5*b + 645, 5*r - 381 = -3*b + 10*r. What is the highest common divisor of 220 and b?
44
Suppose 1137*h = 1128*h + 2115. Suppose -x = -4*x - 3*y + 150, 4*x + 5*y - 203 = 0. What is the highest common factor of h and x?
47
Suppose 88*v - 34 = -4*k + 83*v, 0 = 5*k + 4*v - 38. Suppose d - 4*t + 10 = 0, 8 = 4*t - 2*t. What is the greatest common factor of d and k?
6
Let k be (1*-2)/((16/(-52))/4). Suppose -13*y = -k - 923. Suppose -255 = -5*r + i, -2*r - 3*i + 12 = -y. Calculate the greatest common divisor of r and 25.
25
Suppose 3*t - 3*p - 9 = 0, 3*t + 9 = -t - 3*p. Suppose -3*v = -2*v + 5*l - 72, 5*v + l - 312 = t. What is the highest common factor of v and 2?
2
Suppose 22*k - k - 8085 = 0. What is the highest common factor of 420 and k?
35
Let j be (8/16)/((-5)/(-200)). Suppose -30 = j*o - 25*o. Calculate the greatest common divisor of 48 and o.
6
Let x = 3856 - 2656. Suppose -19*d - 22 + x = 0. What is the greatest common factor of 62 and d?
62
Suppose 0 = 52*c - 51*c - 150. What is the greatest common divisor of 42 and c?
6
Let k = -159 - -161. Suppose 0 = 3*j, -3*y = k*j - 424 + 28. Suppose 4*m = -2*d + 50, 5*d - 88 = -4*m + 61. Calculate the highest common factor of d and y.
33
Suppose -166*b + 323842 - 521637 = -1536419. What is the highest common factor of b and 126?
126
Let d(y) = -2*y**3 + 64*y**2 + 463*y - 153. Let r be d(38). Calculate the greatest common factor of r and 4859.
113
Let i be 1/4*172 + -5. Suppose 342 = -431*s + 433*s. Calculate the highest common factor of i and s.
19
Suppose 0 = -3*m + 5*v + 41, -5*m + 2*v + v = -47. Suppose -5*c - 23 = -3*b, 4 = 2*b + c - m. Calculate the highest common factor of 102 and b.
6
Let o be 4/1 + 5 + -6. Suppose -j = -o, -5*j = -3*m + 5*m - 95. What is the highest common divisor of 180 and m?
20
Let s(l) = 66*l**2 + 140*l - 289. Let q be s(2). What is the greatest common factor of q and 195?
15
Let j be (1296/40 + -10)/((-2)/(-30)). Suppose j = x + 5*x. What is the highest common divisor of 98 and x?
14
Suppose -n = 1, 153*a - 158*a + 470 = -5*n. Calculate the greatest common factor of a and 32457.
93
Suppose 106*d - 103*d - 228 = 0. Let l = 78 - d. Suppose 4*p - 52 = 4*r, -p + 0 = -l*r - 8. What is the greatest common factor of p and 18?
18
Let o(t) = 5*t**2 - 3*t + 2. Suppose 3*x + 4 - 16 = 0. Let q be o(x). Let d = -3808 - -3822. Calculate the highest common divisor of q and d.
14
Suppose -5*b = 5*f - 64 - 66, 0 = 5*f - b - 118. Suppose -535*o + 534*o = -f. What is the greatest common divisor of o and 4?
4
Suppose -3*y - 6384 = -9*y - 13*y. Calculate the highest common factor of 6244 and y.
28
Let c be 1 - (-4 - 7) - -7. Let z be ((-368)/20)/(c/(-760)). Calculate the highest common divisor of 23 and z.
23
Let p = -332 - -332. Suppose p = 101*i - 97*i - 84. What is the highest common divisor of 217 and i?
7
Let q(m) = m**2 + 12*m + 11. Let u be q(-11). Suppose -3*x + 8*x + 2*b - 180 = u, 0 = 5*b. Suppose 12 = 2*h - 0. What is the greatest common factor of x and h?
6
Suppose x = -x + 936. Let j be 10/(-45) - (664/(-36))/2. Calculate the greatest common divisor of x and j.
9
Suppose -125 = -5*l + 115. Suppose 0 = -12*z + 135 - 15. Suppose -15840 = -20*q - z